{"id":306,"date":"2025-12-12T12:34:16","date_gmt":"2025-12-12T11:34:16","guid":{"rendered":"http:\/\/s386468537.onlinehome.fr\/?page_id=306"},"modified":"2026-04-24T11:15:01","modified_gmt":"2026-04-24T09:15:01","slug":"demander-un-devis","status":"publish","type":"page","link":"https:\/\/gps-site.fr\/index.php\/demander-un-devis\/","title":{"rendered":"Demander un devis"},"content":{"rendered":"\t\t<div data-elementor-type=\"wp-page\" data-elementor-id=\"306\" class=\"elementor elementor-306\">\n\t\t\t\t<div class=\"elementor-element elementor-element-d5eceac e-flex e-con-boxed wpr-particle-no wpr-jarallax-no wpr-parallax-no wpr-sticky-section-no wpr-equal-height-no e-con e-parent\" data-id=\"d5eceac\" data-element_type=\"container\" data-e-type=\"container\">\n\t\t\t\t\t<div class=\"e-con-inner\">\n\t\t\t\t<div class=\"elementor-element elementor-element-c3c5678 elementor-widget elementor-widget-wpforms\" data-id=\"c3c5678\" data-element_type=\"widget\" data-e-type=\"widget\" data-widget_type=\"wpforms.default\">\n\t\t\t\t<div class=\"elementor-widget-container\">\n\t\t\t\t\t<div class=\"wpforms-container wpforms-container-full wpforms-render-modern\" id=\"wpforms-491\"><form id=\"wpforms-form-491\" class=\"wpforms-validate wpforms-form wpforms-ajax-form\" data-formid=\"491\" method=\"post\" enctype=\"multipart\/form-data\" action=\"\/index.php\/wp-json\/wp\/v2\/pages\/306\" data-token=\"23213a346f9429ee4c5643ee035bd097\" data-token-time=\"1777385927\"><noscript class=\"wpforms-error-noscript\">Veuillez activer JavaScript dans votre navigateur pour remplir ce formulaire.<\/noscript><div id=\"wpforms-error-noscript\" style=\"display: none;\">Veuillez activer JavaScript dans votre navigateur pour remplir ce formulaire.<\/div><div class=\"wpforms-field-container\"><div id=\"wpforms-491-field_3-container\" class=\"wpforms-field wpforms-field-text\" data-field-id=\"3\"><label class=\"wpforms-field-label\" for=\"wpforms-491-field_3\">Votre entreprise<\/label><input type=\"text\" id=\"wpforms-491-field_3\" class=\"wpforms-field-medium\" name=\"wpforms[fields][3]\" aria-errormessage=\"wpforms-491-field_3-error\" ><\/div><div id=\"wpforms-491-field_4-container\" class=\"wpforms-field wpforms-field-text\" data-field-id=\"4\"><label class=\"wpforms-field-label\" for=\"wpforms-491-field_4\">Lieu d&#039;implantation de votre entreprise<\/label><input type=\"text\" id=\"wpforms-491-field_4\" class=\"wpforms-field-medium\" name=\"wpforms[fields][4]\" aria-errormessage=\"wpforms-491-field_4-error\" ><\/div><div id=\"wpforms-491-field_5-container\" class=\"wpforms-field wpforms-field-name\" data-field-id=\"5\"><fieldset><legend class=\"wpforms-field-label\">Nom et pr\u00e9nom <span class=\"wpforms-required-label\" aria-hidden=\"true\">*<\/span><\/legend><div class=\"wpforms-field-row wpforms-field-medium\"><div class=\"wpforms-field-row-block wpforms-first wpforms-one-half\"><input type=\"text\" id=\"wpforms-491-field_5\" class=\"wpforms-field-name-first wpforms-field-required\" name=\"wpforms[fields][5][first]\" aria-errormessage=\"wpforms-491-field_5-error\" required><label for=\"wpforms-491-field_5\" class=\"wpforms-field-sublabel after\">Pr\u00e9nom<\/label><\/div><div class=\"wpforms-field-row-block wpforms-one-half\"><input type=\"text\" id=\"wpforms-491-field_5-last\" class=\"wpforms-field-name-last wpforms-field-required\" name=\"wpforms[fields][5][last]\" aria-errormessage=\"wpforms-491-field_5-last-error\" required><label for=\"wpforms-491-field_5-last\" class=\"wpforms-field-sublabel after\">Nom<\/label><\/div><\/div><\/fieldset><\/div><div id=\"wpforms-491-field_6-container\" class=\"wpforms-field wpforms-field-email\" data-field-id=\"6\"><label class=\"wpforms-field-label\" for=\"wpforms-491-field_6\">E-mail <span class=\"wpforms-required-label\" aria-hidden=\"true\">*<\/span><\/label><input type=\"email\" id=\"wpforms-491-field_6\" class=\"wpforms-field-medium wpforms-field-required\" name=\"wpforms[fields][6]\" spellcheck=\"false\" aria-errormessage=\"wpforms-491-field_6-error\" required><\/div>\t\t<div id=\"wpforms-491-field_2-container\"\n\t\t\tclass=\"wpforms-field wpforms-field-text\"\n\t\t\tdata-field-type=\"text\"\n\t\t\tdata-field-id=\"2\"\n\t\t\t>\n\t\t\t<label class=\"wpforms-field-label\" for=\"wpforms-491-field_2\" >pouvez demande Vous<\/label>\n\t\t\t<input type=\"text\" id=\"wpforms-491-field_2\" class=\"wpforms-field-medium\" name=\"wpforms[fields][2]\" >\n\t\t<\/div>\n\t\t<div id=\"wpforms-491-field_8-container\" class=\"wpforms-field wpforms-field-checkbox wpforms-list-2-columns\" data-field-id=\"8\"><fieldset><legend class=\"wpforms-field-label\">Ma demande concerne une FORMATION :<\/legend><ul id=\"wpforms-491-field_8\"><li class=\"choice-1 depth-1\"><input type=\"checkbox\" id=\"wpforms-491-field_8_1\" name=\"wpforms[fields][8][]\" value=\"SDC\" aria-errormessage=\"wpforms-491-field_8_1-error\"  ><label class=\"wpforms-field-label-inline\" for=\"wpforms-491-field_8_1\">SDC<\/label><\/li><li class=\"choice-9 depth-1\"><input type=\"checkbox\" id=\"wpforms-491-field_8_9\" name=\"wpforms[fields][8][]\" value=\"Manager et pr\u00e9vention\" aria-errormessage=\"wpforms-491-field_8_9-error\"  ><label class=\"wpforms-field-label-inline\" for=\"wpforms-491-field_8_9\">Manager et pr\u00e9vention<\/label><\/li><li class=\"choice-7 depth-1\"><input type=\"checkbox\" id=\"wpforms-491-field_8_7\" name=\"wpforms[fields][8][]\" value=\"Harc\u00e8lement au travail\" aria-errormessage=\"wpforms-491-field_8_7-error\"  ><label class=\"wpforms-field-label-inline\" for=\"wpforms-491-field_8_7\">Harc\u00e8lement au travail<\/label><\/li><li class=\"choice-4 depth-1\"><input type=\"checkbox\" id=\"wpforms-491-field_8_4\" name=\"wpforms[fields][8][]\" value=\"Dirigeant - EVRP AAT\" aria-errormessage=\"wpforms-491-field_8_4-error\"  ><label class=\"wpforms-field-label-inline\" for=\"wpforms-491-field_8_4\">Dirigeant - EVRP AAT<\/label><\/li><li class=\"choice-5 depth-1\"><input type=\"checkbox\" id=\"wpforms-491-field_8_5\" name=\"wpforms[fields][8][]\" value=\"D\u00e9marche de pr\u00e9vention\" aria-errormessage=\"wpforms-491-field_8_5-error\"  ><label class=\"wpforms-field-label-inline\" for=\"wpforms-491-field_8_5\">D\u00e9marche de pr\u00e9vention<\/label><\/li><li class=\"choice-2 depth-1\"><input type=\"checkbox\" id=\"wpforms-491-field_8_2\" name=\"wpforms[fields][8][]\" value=\"R\u00e9f\u00e9rent - EVRP AAT\" aria-errormessage=\"wpforms-491-field_8_2-error\"  ><label class=\"wpforms-field-label-inline\" for=\"wpforms-491-field_8_2\">R\u00e9f\u00e9rent - EVRP AAT<\/label><\/li><li class=\"choice-6 depth-1\"><input type=\"checkbox\" id=\"wpforms-491-field_8_6\" name=\"wpforms[fields][8][]\" value=\"TMS\" aria-errormessage=\"wpforms-491-field_8_6-error\"  ><label class=\"wpforms-field-label-inline\" for=\"wpforms-491-field_8_6\">TMS<\/label><\/li><li class=\"choice-10 depth-1\"><input type=\"checkbox\" id=\"wpforms-491-field_8_10\" name=\"wpforms[fields][8][]\" value=\"Conduite de changement\" aria-errormessage=\"wpforms-491-field_8_10-error\"  ><label class=\"wpforms-field-label-inline\" for=\"wpforms-491-field_8_10\">Conduite de changement<\/label><\/li><li class=\"choice-3 depth-1\"><input type=\"checkbox\" id=\"wpforms-491-field_8_3\" name=\"wpforms[fields][8][]\" value=\"PR RPS\" aria-errormessage=\"wpforms-491-field_8_3-error\"  ><label class=\"wpforms-field-label-inline\" for=\"wpforms-491-field_8_3\">PR RPS<\/label><\/li><li class=\"choice-8 depth-1\"><input type=\"checkbox\" id=\"wpforms-491-field_8_8\" name=\"wpforms[fields][8][]\" value=\"Autre\" aria-errormessage=\"wpforms-491-field_8_8-error\"  ><label class=\"wpforms-field-label-inline\" for=\"wpforms-491-field_8_8\">Autre<\/label><\/li><\/ul><\/fieldset><\/div><div id=\"wpforms-491-field_10-container\" class=\"wpforms-field wpforms-field-checkbox wpforms-list-2-columns\" data-field-id=\"10\"><fieldset><legend class=\"wpforms-field-label\">Ma demande concerne un ACCOMPAGNEMENT &amp; CONSEIL<\/legend><ul id=\"wpforms-491-field_10\"><li class=\"choice-3 depth-1\"><input type=\"checkbox\" id=\"wpforms-491-field_10_3\" name=\"wpforms[fields][10][]\" value=\"Diagnostic RPS\" aria-errormessage=\"wpforms-491-field_10_3-error\"  ><label class=\"wpforms-field-label-inline\" for=\"wpforms-491-field_10_3\">Diagnostic RPS<\/label><\/li><li class=\"choice-7 depth-1\"><input type=\"checkbox\" id=\"wpforms-491-field_10_7\" name=\"wpforms[fields][10][]\" value=\"Enqu\u00eate interne suite alerte harc\u00e8lement\" aria-errormessage=\"wpforms-491-field_10_7-error\"  ><label class=\"wpforms-field-label-inline\" for=\"wpforms-491-field_10_7\">Enqu\u00eate interne suite alerte harc\u00e8lement<\/label><\/li><li class=\"choice-1 depth-1\"><input type=\"checkbox\" id=\"wpforms-491-field_10_1\" name=\"wpforms[fields][10][]\" value=\"Document Unique\" aria-errormessage=\"wpforms-491-field_10_1-error\"  ><label class=\"wpforms-field-label-inline\" for=\"wpforms-491-field_10_1\">Document Unique<\/label><\/li><li class=\"choice-4 depth-1\"><input type=\"checkbox\" id=\"wpforms-491-field_10_4\" name=\"wpforms[fields][10][]\" value=\"TMS\" aria-errormessage=\"wpforms-491-field_10_4-error\"  ><label class=\"wpforms-field-label-inline\" for=\"wpforms-491-field_10_4\">TMS<\/label><\/li><li class=\"choice-2 depth-1\"><input type=\"checkbox\" id=\"wpforms-491-field_10_2\" name=\"wpforms[fields][10][]\" value=\"Analyse accident du travail\" aria-errormessage=\"wpforms-491-field_10_2-error\"  ><label class=\"wpforms-field-label-inline\" for=\"wpforms-491-field_10_2\">Analyse accident du travail<\/label><\/li><li class=\"choice-8 depth-1\"><input type=\"checkbox\" id=\"wpforms-491-field_10_8\" name=\"wpforms[fields][10][]\" value=\"Conduite de changement\" aria-errormessage=\"wpforms-491-field_10_8-error\"  ><label class=\"wpforms-field-label-inline\" for=\"wpforms-491-field_10_8\">Conduite de changement<\/label><\/li><li class=\"choice-6 depth-1\"><input type=\"checkbox\" id=\"wpforms-491-field_10_6\" name=\"wpforms[fields][10][]\" value=\"Autre\" aria-errormessage=\"wpforms-491-field_10_6-error\"  ><label class=\"wpforms-field-label-inline\" for=\"wpforms-491-field_10_6\">Autre<\/label><\/li><li class=\"choice-5 depth-1\"><input type=\"checkbox\" id=\"wpforms-491-field_10_5\" name=\"wpforms[fields][10][]\" value=\"Pr\u00e9vention des conflits\" aria-errormessage=\"wpforms-491-field_10_5-error\"  ><label class=\"wpforms-field-label-inline\" for=\"wpforms-491-field_10_5\">Pr\u00e9vention des conflits<\/label><\/li><\/ul><\/fieldset><\/div><div id=\"wpforms-491-field_1-container\" class=\"wpforms-field wpforms-field-textarea\" data-field-id=\"1\"><label class=\"wpforms-field-label\" for=\"wpforms-491-field_1\">Vous pouvez pr\u00e9ciser votre demande<\/label><textarea id=\"wpforms-491-field_1\" class=\"wpforms-field-medium\" name=\"wpforms[fields][1]\" aria-errormessage=\"wpforms-491-field_1-error\" ><\/textarea><\/div><script>\n\t\t\t\t( function() {\n\t\t\t\t\tconst style = document.createElement( 'style' );\n\t\t\t\t\tstyle.appendChild( document.createTextNode( '#wpforms-491-field_2-container { position: absolute !important; overflow: hidden !important; display: inline !important; height: 1px !important; width: 1px !important; z-index: -1000 !important; padding: 0 !important; } #wpforms-491-field_2-container input { visibility: hidden; } #wpforms-conversational-form-page #wpforms-491-field_2-container label { counter-increment: none; }' ) );\n\t\t\t\t\tdocument.head.appendChild( style );\n\t\t\t\t\tdocument.currentScript?.remove();\n\t\t\t\t} )();\n\t\t\t<\/script><\/div><!-- .wpforms-field-container --><div class=\"wpforms-submit-container\" ><input type=\"hidden\" name=\"wpforms[id]\" value=\"491\"><input type=\"hidden\" name=\"page_title\" value=\"\"><input type=\"hidden\" name=\"page_url\" value=\"https:\/\/gps-site.fr\/index.php\/wp-json\/wp\/v2\/pages\/306\"><input type=\"hidden\" name=\"url_referer\" value=\"\"><button type=\"submit\" name=\"wpforms[submit]\" id=\"wpforms-submit-491\" class=\"wpforms-submit\" data-alt-text=\"Envoi...\" data-submit-text=\"Envoyer\" aria-live=\"assertive\" value=\"wpforms-submit\">Envoyer<\/button><img decoding=\"async\" src=\"https:\/\/gps-site.fr\/wp-content\/plugins\/wpforms-lite\/assets\/images\/submit-spin.svg\" class=\"wpforms-submit-spinner\" style=\"display: none;\" width=\"26\" height=\"26\" alt=\"Chargement en cours\"><\/div><\/form><\/div>  <!-- .wpforms-container -->\t\t\t\t<\/div>\n\t\t\t\t<\/div>\n\t\t\t\t\t<\/div>\n\t\t\t\t<\/div>\n\t\t\t\t<\/div>\n\t\t","protected":false},"excerpt":{"rendered":"<p>Veuillez activer JavaScript dans votre navigateur pour remplir ce formulaire.Veuillez activer JavaScript dans votre navigateur pour remplir ce formulaire.Votre entrepriseLieu d&#039;implantation de votre entreprise Nom et pr\u00e9nom * Pr\u00e9nomNom E-mail * Ma demande concerne une FORMATION : SDC Harc\u00e8lement au travail EVRP AAT &#8211; Dirigeant D\u00e9marche de pr\u00e9vention EVRP AAT &#8211; R\u00e9f\u00e9rent TMS PR RPS Autre Ma demande concerne un ACCOMPAGNEMENT &amp; CONSEIL Diagnostic RPS Enqu\u00eate Interne Document Unique Sensibilisation TMS Analyse accident du travail Autre Culture de pr\u00e9vention Vous pouvez pr\u00e9ciser votre demande Envoyer<\/p>\n","protected":false},"author":1,"featured_media":0,"parent":0,"menu_order":0,"comment_status":"closed","ping_status":"closed","template":"","meta":{"site-sidebar-layout":"no-sidebar","site-content-layout":"","ast-site-content-layout":"full-width-container","site-content-style":"default","site-sidebar-style":"default","ast-global-header-display":"","ast-banner-title-visibility":"","ast-main-header-display":"","ast-hfb-above-header-display":"","ast-hfb-below-header-display":"","ast-hfb-mobile-header-display":"","site-post-title":"","ast-breadcrumbs-content":"","ast-featured-img":"disabled","footer-sml-layout":"","ast-disable-related-posts":"","theme-transparent-header-meta":"","adv-header-id-meta":"","stick-header-meta":"","header-above-stick-meta":"","header-main-stick-meta":"","header-below-stick-meta":"","astra-migrate-meta-layouts":"default","ast-page-background-enabled":"default","ast-page-background-meta":{"desktop":{"background-color":"var(--ast-global-color-5)","background-image":"","background-repeat":"repeat","background-position":"center center","background-size":"auto","background-attachment":"scroll","background-type":"","background-media":"","overlay-type":"","overlay-color":"","overlay-opacity":"","overlay-gradient":""},"tablet":{"background-color":"","background-image":"","background-repeat":"repeat","background-position":"center center","background-size":"auto","background-attachment":"scroll","background-type":"","background-media":"","overlay-type":"","overlay-color":"","overlay-opacity":"","overlay-gradient":""},"mobile":{"background-color":"","background-image":"","background-repeat":"repeat","background-position":"center center","background-size":"auto","background-attachment":"scroll","background-type":"","background-media":"","overlay-type":"","overlay-color":"","overlay-opacity":"","overlay-gradient":""}},"ast-content-background-meta":{"desktop":{"background-color":"var(--ast-global-color-4)","background-image":"","background-repeat":"repeat","background-position":"center center","background-size":"auto","background-attachment":"scroll","background-type":"","background-media":"","overlay-type":"","overlay-color":"","overlay-opacity":"","overlay-gradient":""},"tablet":{"background-color":"var(--ast-global-color-4)","background-image":"","background-repeat":"repeat","background-position":"center center","background-size":"auto","background-attachment":"scroll","background-type":"","background-media":"","overlay-type":"","overlay-color":"","overlay-opacity":"","overlay-gradient":""},"mobile":{"background-color":"var(--ast-global-color-4)","background-image":"","background-repeat":"repeat","background-position":"center center","background-size":"auto","background-attachment":"scroll","background-type":"","background-media":"","overlay-type":"","overlay-color":"","overlay-opacity":"","overlay-gradient":""}},"footnotes":""},"class_list":["post-306","page","type-page","status-publish","hentry"],"_links":{"self":[{"href":"https:\/\/gps-site.fr\/index.php\/wp-json\/wp\/v2\/pages\/306","targetHints":{"allow":["GET"]}}],"collection":[{"href":"https:\/\/gps-site.fr\/index.php\/wp-json\/wp\/v2\/pages"}],"about":[{"href":"https:\/\/gps-site.fr\/index.php\/wp-json\/wp\/v2\/types\/page"}],"author":[{"embeddable":true,"href":"https:\/\/gps-site.fr\/index.php\/wp-json\/wp\/v2\/users\/1"}],"replies":[{"embeddable":true,"href":"https:\/\/gps-site.fr\/index.php\/wp-json\/wp\/v2\/comments?post=306"}],"version-history":[{"count":7,"href":"https:\/\/gps-site.fr\/index.php\/wp-json\/wp\/v2\/pages\/306\/revisions"}],"predecessor-version":[{"id":2928,"href":"https:\/\/gps-site.fr\/index.php\/wp-json\/wp\/v2\/pages\/306\/revisions\/2928"}],"wp:attachment":[{"href":"https:\/\/gps-site.fr\/index.php\/wp-json\/wp\/v2\/media?parent=306"}],"curies":[{"name":"wp","href":"https:\/\/api.w.org\/{rel}","templated":true}]}}