{"id":1124,"date":"2026-03-13T14:26:02","date_gmt":"2026-03-13T13:26:02","guid":{"rendered":"http:\/\/s386468537.onlinehome.fr\/?page_id=1124"},"modified":"2026-03-13T14:38:13","modified_gmt":"2026-03-13T13:38:13","slug":"actualiser-son-projet-managerial","status":"publish","type":"page","link":"https:\/\/gps-site.fr\/index.php\/actualiser-son-projet-managerial\/","title":{"rendered":"Actualiser son projet manag\u00e9rial"},"content":{"rendered":"\t\t<div data-elementor-type=\"wp-page\" data-elementor-id=\"1124\" class=\"elementor elementor-1124\">\n\t\t\t\t<div class=\"elementor-element elementor-element-c16b658 e-flex e-con-boxed wpr-particle-no wpr-jarallax-no wpr-parallax-no wpr-sticky-section-no wpr-equal-height-no e-con e-parent\" data-id=\"c16b658\" data-element_type=\"container\" data-e-type=\"container\">\n\t\t\t\t\t<div class=\"e-con-inner\">\n\t\t\t\t<div class=\"elementor-element elementor-element-d35ac20 elementor-widget__width-inherit elementor-widget elementor-widget-text-editor\" data-id=\"d35ac20\" data-element_type=\"widget\" data-e-type=\"widget\" data-widget_type=\"text-editor.default\">\n\t\t\t\t\t\t\t\t\t<div style=\"height: 100px;\" aria-hidden=\"true\">\u00a0<span style=\"color: #1e293b; font-size: 1.875rem; font-style: inherit; font-weight: 600; background-color: transparent;\">Formation : Actualiser son projet manag\u00e9rial<\/span><br \/><em style=\"color: #334155; font-weight: inherit; background-color: transparent; font-size: 17.6px; text-align: start;\">R\u00e9interroger et renforcer son projet manag\u00e9rial pour favoriser la coh\u00e9sion d&rsquo;\u00e9quipe et le sens au travail.<\/em><\/div><p><!-- \/wp:heading --><\/p>\t\t\t\t\t\t\t\t<\/div>\n\t\t\t\t\t<\/div>\n\t\t\t\t<\/div>\n\t\t<div class=\"elementor-element elementor-element-751b065 e-flex e-con-boxed wpr-particle-no wpr-jarallax-no wpr-parallax-no wpr-sticky-section-no wpr-equal-height-no e-con e-parent\" data-id=\"751b065\" data-element_type=\"container\" data-e-type=\"container\">\n\t\t\t\t\t<div class=\"e-con-inner\">\n\t\t<div class=\"elementor-element elementor-element-4903818 e-con-full e-flex wpr-particle-no wpr-jarallax-no wpr-parallax-no wpr-sticky-section-no wpr-equal-height-no e-con e-child\" data-id=\"4903818\" data-element_type=\"container\" data-e-type=\"container\">\n\t\t\t\t<div class=\"elementor-element elementor-element-2643bec elementor-align-center elementor-widget elementor-widget-button\" data-id=\"2643bec\" data-element_type=\"widget\" data-e-type=\"widget\" data-widget_type=\"button.default\">\n\t\t\t\t\t\t\t\t\t\t<a class=\"elementor-button elementor-button-link elementor-size-sm\" href=\"https:\/\/gps-site.fr\/documents\/ProgrammeDeveloppersescompetencesmanageriales.pdf\" target=\"_blank\">\n\t\t\t\t\t\t<span class=\"elementor-button-content-wrapper\">\n\t\t\t\t\t\t\t\t\t<span class=\"elementor-button-text\">T\u00e9l\u00e9charger le programme complet<\/span>\n\t\t\t\t\t<\/span>\n\t\t\t\t\t<\/a>\n\t\t\t\t\t\t\t\t<\/div>\n\t\t\t\t<\/div>\n\t\t<div class=\"elementor-element elementor-element-59c14c9 e-con-full e-flex wpr-particle-no wpr-jarallax-no wpr-parallax-no wpr-sticky-section-no wpr-equal-height-no e-con e-child\" data-id=\"59c14c9\" data-element_type=\"container\" data-e-type=\"container\">\n\t\t\t\t<div class=\"elementor-element elementor-element-97013af elementor-align-center elementor-widget elementor-widget-button\" data-id=\"97013af\" data-element_type=\"widget\" data-e-type=\"widget\" data-widget_type=\"button.default\">\n\t\t\t\t\t\t\t\t\t\t<a class=\"elementor-button elementor-button-link elementor-size-sm\" href=\"http:\/\/s386468537.onlinehome.fr\/index.php\/demander-un-devis\/\" target=\"_blank\">\n\t\t\t\t\t\t<span class=\"elementor-button-content-wrapper\">\n\t\t\t\t\t\t\t\t\t<span class=\"elementor-button-text\">Demander un devis<\/span>\n\t\t\t\t\t<\/span>\n\t\t\t\t\t<\/a>\n\t\t\t\t\t\t\t\t<\/div>\n\t\t\t\t<\/div>\n\t\t\t\t\t<\/div>\n\t\t\t\t<\/div>\n\t\t<div class=\"elementor-element elementor-element-54dfef2 e-flex e-con-boxed wpr-particle-no wpr-jarallax-no wpr-parallax-no wpr-sticky-section-no wpr-equal-height-no e-con e-parent\" data-id=\"54dfef2\" data-element_type=\"container\" data-e-type=\"container\">\n\t\t\t\t\t<div class=\"e-con-inner\">\n\t\t\t\t<div class=\"elementor-element elementor-element-26e08c5 elementor-widget elementor-widget-text-editor\" data-id=\"26e08c5\" data-element_type=\"widget\" data-e-type=\"widget\" data-widget_type=\"text-editor.default\">\n\t\t\t\t\t\t\t\t\t<p>Formation inter ou intra-entreprises \u2013 Approche r\u00e9flexive et collaborative.<\/p>\t\t\t\t\t\t\t\t<\/div>\n\t\t\t\t\t<\/div>\n\t\t\t\t<\/div>\n\t\t<div class=\"elementor-element elementor-element-044a94f e-flex e-con-boxed wpr-particle-no wpr-jarallax-no wpr-parallax-no wpr-sticky-section-no wpr-equal-height-no e-con e-parent\" data-id=\"044a94f\" data-element_type=\"container\" data-e-type=\"container\">\n\t\t\t\t\t<div class=\"e-con-inner\">\n\t\t<div class=\"elementor-element elementor-element-6aeea2b e-con-full e-flex wpr-particle-no wpr-jarallax-no wpr-parallax-no wpr-sticky-section-no wpr-equal-height-no e-con e-child\" data-id=\"6aeea2b\" data-element_type=\"container\" data-e-type=\"container\">\n\t\t\t\t<div class=\"elementor-element elementor-element-62a5503 elementor-widget elementor-widget-heading\" data-id=\"62a5503\" data-element_type=\"widget\" data-e-type=\"widget\" data-widget_type=\"heading.default\">\n\t\t\t\t\t<h3 class=\"elementor-heading-title elementor-size-default\">Objectifs de la formation<\/h3>\t\t\t\t<\/div>\n\t\t\t\t<div class=\"elementor-element elementor-element-aaed57a elementor-widget elementor-widget-text-editor\" data-id=\"aaed57a\" data-element_type=\"widget\" data-e-type=\"widget\" data-widget_type=\"text-editor.default\">\n\t\t\t\t\t\t\t\t\t<p>La formation permet de :<\/p>\n<p>\u2022 Identifier les valeurs, les priorit\u00e9s et les leviers du management actuel ;<\/p>\n<p data-start=\"1487\" data-end=\"1992\">\u2022 D\u00e9velopper une communication mobilisatrice et bienveillante ;<br \/>\u2022 Int\u00e9grer la pr\u00e9vention, la qualit\u00e9 de vie au travail et la coop\u00e9ration dans le management quotidien ;<br \/>\u2022 Construire un plan d\u2019\u00e9volution manag\u00e9riale align\u00e9 sur les enjeux de l\u2019entreprise.<\/p>\t\t\t\t\t\t\t\t<\/div>\n\t\t\t\t<\/div>\n\t\t\t\t\t<\/div>\n\t\t\t\t<\/div>\n\t\t<div class=\"elementor-element elementor-element-16a3dcc e-flex e-con-boxed wpr-particle-no wpr-jarallax-no wpr-parallax-no wpr-sticky-section-no wpr-equal-height-no e-con e-parent\" data-id=\"16a3dcc\" data-element_type=\"container\" data-e-type=\"container\">\n\t\t\t\t\t<div class=\"e-con-inner\">\n\t\t\t\t<div class=\"elementor-element elementor-element-5bf257d elementor-widget elementor-widget-text-editor\" data-id=\"5bf257d\" data-element_type=\"widget\" data-e-type=\"widget\" data-widget_type=\"text-editor.default\">\n\t\t\t\t\t\t\t\t\t<p><strong>Public concern\u00e9<\/strong> : Managers, encadrants, responsables RH, membres du CSE, chefs de projet.<\/p>\n<p><strong>Dur\u00e9e<\/strong> : \u00a02 jours.<\/p>\t\t\t\t\t\t\t\t<\/div>\n\t\t\t\t\t<\/div>\n\t\t\t\t<\/div>\n\t\t<div class=\"elementor-element elementor-element-30f1449 e-flex e-con-boxed wpr-particle-no wpr-jarallax-no wpr-parallax-no wpr-sticky-section-no wpr-equal-height-no e-con e-parent\" data-id=\"30f1449\" data-element_type=\"container\" data-e-type=\"container\">\n\t\t\t\t\t<div class=\"e-con-inner\">\n\t\t\t\t<div class=\"elementor-element elementor-element-204188b elementor-position-inline-start elementor-view-default elementor-mobile-position-block-start elementor-widget elementor-widget-icon-box\" data-id=\"204188b\" data-element_type=\"widget\" data-e-type=\"widget\" data-widget_type=\"icon-box.default\">\n\t\t\t\t\t\t\t<div class=\"elementor-icon-box-wrapper\">\n\n\t\t\t\t\t\t<div class=\"elementor-icon-box-icon\">\n\t\t\t\t<span  class=\"elementor-icon\">\n\t\t\t\t<svg aria-hidden=\"true\" class=\"e-font-icon-svg e-fas-info-circle\" viewBox=\"0 0 512 512\" xmlns=\"http:\/\/www.w3.org\/2000\/svg\"><path d=\"M256 8C119.043 8 8 119.083 8 256c0 136.997 111.043 248 248 248s248-111.003 248-248C504 119.083 392.957 8 256 8zm0 110c23.196 0 42 18.804 42 42s-18.804 42-42 42-42-18.804-42-42 18.804-42 42-42zm56 254c0 6.627-5.373 12-12 12h-88c-6.627 0-12-5.373-12-12v-24c0-6.627 5.373-12 12-12h12v-64h-12c-6.627 0-12-5.373-12-12v-24c0-6.627 5.373-12 12-12h64c6.627 0 12 5.373 12 12v100h12c6.627 0 12 5.373 12 12v24z\"><\/path><\/svg>\t\t\t\t<\/span>\n\t\t\t<\/div>\n\t\t\t\n\t\t\t\t\t\t<div class=\"elementor-icon-box-content\">\n\n\t\t\t\t\n\t\t\t\t\t\t\t\t\t<p class=\"elementor-icon-box-description\">\n\t\t\t\t\t\tFormation favorisant la prise de recul sur la posture manag\u00e9riale et la consolidation du leadership collaboratif.\t\t\t\t\t<\/p>\n\t\t\t\t\n\t\t\t<\/div>\n\t\t\t\n\t\t<\/div>\n\t\t\t\t\t\t<\/div>\n\t\t\t\t\t<\/div>\n\t\t\t\t<\/div>\n\t\t\t\t<\/div>\n\t\t","protected":false},"excerpt":{"rendered":"<p>\u00a0Formation : Actualiser son projet manag\u00e9rialR\u00e9interroger et renforcer son projet manag\u00e9rial pour favoriser la coh\u00e9sion d&rsquo;\u00e9quipe et le sens au travail. T\u00e9l\u00e9charger le programme complet Demander un devis Formation inter ou intra-entreprises \u2013 Approche r\u00e9flexive et collaborative. Objectifs de la formation La formation permet de : \u2022 Identifier les valeurs, les priorit\u00e9s et les leviers du management actuel ; \u2022 D\u00e9velopper une communication mobilisatrice et bienveillante ;\u2022 Int\u00e9grer la pr\u00e9vention, la qualit\u00e9 de vie au travail et la coop\u00e9ration dans le management quotidien ;\u2022 Construire un plan d\u2019\u00e9volution manag\u00e9riale align\u00e9 sur les enjeux de l\u2019entreprise. Public concern\u00e9 : Managers, encadrants, responsables RH, membres du CSE, chefs de projet. Dur\u00e9e : \u00a02 jours. Formation favorisant la prise de recul sur la posture manag\u00e9riale et la consolidation du leadership collaboratif.<\/p>\n","protected":false},"author":1,"featured_media":0,"parent":0,"menu_order":0,"comment_status":"closed","ping_status":"closed","template":"","meta":{"site-sidebar-layout":"no-sidebar","site-content-layout":"","ast-site-content-layout":"full-width-container","site-content-style":"default","site-sidebar-style":"default","ast-global-header-display":"","ast-banner-title-visibility":"","ast-main-header-display":"","ast-hfb-above-header-display":"","ast-hfb-below-header-display":"","ast-hfb-mobile-header-display":"","site-post-title":"disabled","ast-breadcrumbs-content":"","ast-featured-img":"disabled","footer-sml-layout":"","ast-disable-related-posts":"","theme-transparent-header-meta":"","adv-header-id-meta":"","stick-header-meta":"","header-above-stick-meta":"","header-main-stick-meta":"","header-below-stick-meta":"","astra-migrate-meta-layouts":"default","ast-page-background-enabled":"default","ast-page-background-meta":{"desktop":{"background-color":"var(--ast-global-color-5)","background-image":"","background-repeat":"repeat","background-position":"center center","background-size":"auto","background-attachment":"scroll","background-type":"","background-media":"","overlay-type":"","overlay-color":"","overlay-opacity":"","overlay-gradient":""},"tablet":{"background-color":"","background-image":"","background-repeat":"repeat","background-position":"center center","background-size":"auto","background-attachment":"scroll","background-type":"","background-media":"","overlay-type":"","overlay-color":"","overlay-opacity":"","overlay-gradient":""},"mobile":{"background-color":"","background-image":"","background-repeat":"repeat","background-position":"center center","background-size":"auto","background-attachment":"scroll","background-type":"","background-media":"","overlay-type":"","overlay-color":"","overlay-opacity":"","overlay-gradient":""}},"ast-content-background-meta":{"desktop":{"background-color":"var(--ast-global-color-4)","background-image":"","background-repeat":"repeat","background-position":"center center","background-size":"auto","background-attachment":"scroll","background-type":"","background-media":"","overlay-type":"","overlay-color":"","overlay-opacity":"","overlay-gradient":""},"tablet":{"background-color":"var(--ast-global-color-4)","background-image":"","background-repeat":"repeat","background-position":"center center","background-size":"auto","background-attachment":"scroll","background-type":"","background-media":"","overlay-type":"","overlay-color":"","overlay-opacity":"","overlay-gradient":""},"mobile":{"background-color":"var(--ast-global-color-4)","background-image":"","background-repeat":"repeat","background-position":"center center","background-size":"auto","background-attachment":"scroll","background-type":"","background-media":"","overlay-type":"","overlay-color":"","overlay-opacity":"","overlay-gradient":""}},"footnotes":""},"class_list":["post-1124","page","type-page","status-publish","hentry"],"_links":{"self":[{"href":"https:\/\/gps-site.fr\/index.php\/wp-json\/wp\/v2\/pages\/1124","targetHints":{"allow":["GET"]}}],"collection":[{"href":"https:\/\/gps-site.fr\/index.php\/wp-json\/wp\/v2\/pages"}],"about":[{"href":"https:\/\/gps-site.fr\/index.php\/wp-json\/wp\/v2\/types\/page"}],"author":[{"embeddable":true,"href":"https:\/\/gps-site.fr\/index.php\/wp-json\/wp\/v2\/users\/1"}],"replies":[{"embeddable":true,"href":"https:\/\/gps-site.fr\/index.php\/wp-json\/wp\/v2\/comments?post=1124"}],"version-history":[{"count":18,"href":"https:\/\/gps-site.fr\/index.php\/wp-json\/wp\/v2\/pages\/1124\/revisions"}],"predecessor-version":[{"id":1159,"href":"https:\/\/gps-site.fr\/index.php\/wp-json\/wp\/v2\/pages\/1124\/revisions\/1159"}],"wp:attachment":[{"href":"https:\/\/gps-site.fr\/index.php\/wp-json\/wp\/v2\/media?parent=1124"}],"curies":[{"name":"wp","href":"https:\/\/api.w.org\/{rel}","templated":true}]}}

Actualiser son projet managérial

<div data-elementor-type="wp-page" data-elementor-id="1124" class="elementor elementor-1124">
				<div class="elementor-element elementor-element-c16b658 e-flex e-con-boxed wpr-particle-no wpr-jarallax-no wpr-parallax-no wpr-sticky-section-no wpr-equal-height-no e-con e-parent" data-id="c16b658" data-element_type="container" data-e-type="container">
					<div class="e-con-inner">
				<div class="elementor-element elementor-element-d35ac20 elementor-widget__width-inherit elementor-widget elementor-widget-text-editor" data-id="d35ac20" data-element_type="widget" data-e-type="widget" data-widget_type="text-editor.default">
									<div style="height: 100px;" aria-hidden="true"> <span style="color: #1e293b; font-size: 1.875rem; font-style: inherit; font-weight: 600; background-color: transparent;">Formation : Actualiser son projet managérial</span><br /><em style="color: #334155; font-weight: inherit; background-color: transparent; font-size: 17.6px; text-align: start;">Réinterroger et renforcer son projet managérial pour favoriser la cohésion d&rsquo;équipe et le sens au travail.</em></div><p><!-- /wp:heading --></p>								</div>
					</div>
				</div>
		<div class="elementor-element elementor-element-751b065 e-flex e-con-boxed wpr-particle-no wpr-jarallax-no wpr-parallax-no wpr-sticky-section-no wpr-equal-height-no e-con e-parent" data-id="751b065" data-element_type="container" data-e-type="container">
					<div class="e-con-inner">
		<div class="elementor-element elementor-element-4903818 e-con-full e-flex wpr-particle-no wpr-jarallax-no wpr-parallax-no wpr-sticky-section-no wpr-equal-height-no e-con e-child" data-id="4903818" data-element_type="container" data-e-type="container">
				<div class="elementor-element elementor-element-2643bec elementor-align-center elementor-widget elementor-widget-button" data-id="2643bec" data-element_type="widget" data-e-type="widget" data-widget_type="button.default">
										<a class="elementor-button elementor-button-link elementor-size-sm" href="https://gps-site.fr/documents/ProgrammeDeveloppersescompetencesmanageriales.pdf" target="_blank">
						<span class="elementor-button-content-wrapper">
									<span class="elementor-button-text">Télécharger le programme complet</span>
					</span>
					</a>
								</div>
				</div>
		<div class="elementor-element elementor-element-59c14c9 e-con-full e-flex wpr-particle-no wpr-jarallax-no wpr-parallax-no wpr-sticky-section-no wpr-equal-height-no e-con e-child" data-id="59c14c9" data-element_type="container" data-e-type="container">
				<div class="elementor-element elementor-element-97013af elementor-align-center elementor-widget elementor-widget-button" data-id="97013af" data-element_type="widget" data-e-type="widget" data-widget_type="button.default">
										<a class="elementor-button elementor-button-link elementor-size-sm" href="http://s386468537.onlinehome.fr/index.php/demander-un-devis/" target="_blank">
						<span class="elementor-button-content-wrapper">
									<span class="elementor-button-text">Demander un devis</span>
					</span>
					</a>
								</div>
				</div>
					</div>
				</div>
		<div class="elementor-element elementor-element-54dfef2 e-flex e-con-boxed wpr-particle-no wpr-jarallax-no wpr-parallax-no wpr-sticky-section-no wpr-equal-height-no e-con e-parent" data-id="54dfef2" data-element_type="container" data-e-type="container">
					<div class="e-con-inner">
				<div class="elementor-element elementor-element-26e08c5 elementor-widget elementor-widget-text-editor" data-id="26e08c5" data-element_type="widget" data-e-type="widget" data-widget_type="text-editor.default">
									<p>Formation inter ou intra-entreprises – Approche réflexive et collaborative.</p>								</div>
					</div>
				</div>
		<div class="elementor-element elementor-element-044a94f e-flex e-con-boxed wpr-particle-no wpr-jarallax-no wpr-parallax-no wpr-sticky-section-no wpr-equal-height-no e-con e-parent" data-id="044a94f" data-element_type="container" data-e-type="container">
					<div class="e-con-inner">
		<div class="elementor-element elementor-element-6aeea2b e-con-full e-flex wpr-particle-no wpr-jarallax-no wpr-parallax-no wpr-sticky-section-no wpr-equal-height-no e-con e-child" data-id="6aeea2b" data-element_type="container" data-e-type="container">
				<div class="elementor-element elementor-element-62a5503 elementor-widget elementor-widget-heading" data-id="62a5503" data-element_type="widget" data-e-type="widget" data-widget_type="heading.default">
					<h3 class="elementor-heading-title elementor-size-default">Objectifs de la formation</h3>				</div>
				<div class="elementor-element elementor-element-aaed57a elementor-widget elementor-widget-text-editor" data-id="aaed57a" data-element_type="widget" data-e-type="widget" data-widget_type="text-editor.default">
									<p>La formation permet de :</p>
<p>• Identifier les valeurs, les priorités et les leviers du management actuel ;</p>
<p data-start="1487" data-end="1992">• Développer une communication mobilisatrice et bienveillante ;<br />• Intégrer la prévention, la qualité de vie au travail et la coopération dans le management quotidien ;<br />• Construire un plan d’évolution managériale aligné sur les enjeux de l’entreprise.</p>								</div>
				</div>
					</div>
				</div>
		<div class="elementor-element elementor-element-16a3dcc e-flex e-con-boxed wpr-particle-no wpr-jarallax-no wpr-parallax-no wpr-sticky-section-no wpr-equal-height-no e-con e-parent" data-id="16a3dcc" data-element_type="container" data-e-type="container">
					<div class="e-con-inner">
				<div class="elementor-element elementor-element-5bf257d elementor-widget elementor-widget-text-editor" data-id="5bf257d" data-element_type="widget" data-e-type="widget" data-widget_type="text-editor.default">
									<p><strong>Public concerné</strong> : Managers, encadrants, responsables RH, membres du CSE, chefs de projet.</p>
<p><strong>Durée</strong> :  2 jours.</p>								</div>
					</div>
				</div>
		<div class="elementor-element elementor-element-30f1449 e-flex e-con-boxed wpr-particle-no wpr-jarallax-no wpr-parallax-no wpr-sticky-section-no wpr-equal-height-no e-con e-parent" data-id="30f1449" data-element_type="container" data-e-type="container">
					<div class="e-con-inner">
				<div class="elementor-element elementor-element-204188b elementor-position-inline-start elementor-view-default elementor-mobile-position-block-start elementor-widget elementor-widget-icon-box" data-id="204188b" data-element_type="widget" data-e-type="widget" data-widget_type="icon-box.default">
							<div class="elementor-icon-box-wrapper">

						<div class="elementor-icon-box-icon">
				<span  class="elementor-icon">
				<svg aria-hidden="true" class="e-font-icon-svg e-fas-info-circle" viewBox="0 0 512 512" xmlns="http://www.w3.org/2000/svg"><path d="M256 8C119.043 8 8 119.083 8 256c0 136.997 111.043 248 248 248s248-111.003 248-248C504 119.083 392.957 8 256 8zm0 110c23.196 0 42 18.804 42 42s-18.804 42-42 42-42-18.804-42-42 18.804-42 42-42zm56 254c0 6.627-5.373 12-12 12h-88c-6.627 0-12-5.373-12-12v-24c0-6.627 5.373-12 12-12h12v-64h-12c-6.627 0-12-5.373-12-12v-24c0-6.627 5.373-12 12-12h64c6.627 0 12 5.373 12 12v100h12c6.627 0 12 5.373 12 12v24z"></path></svg>				</span>
			</div>
			
						<div class="elementor-icon-box-content">

				
									<p class="elementor-icon-box-description">
						Formation favorisant la prise de recul sur la posture managériale et la consolidation du leadership collaboratif.					</p>
				
			</div>
			
		</div>
						</div>
					</div>
				</div>
				</div>

<p> Formation : Actualiser son projet managérialRéinterroger et renforcer son projet managérial pour favoriser la cohésion d&rsquo;équipe et le sens au travail. Télécharger le programme complet Demander un devis Formation inter ou intra-entreprises – Approche réflexive et collaborative. Objectifs de la formation La formation permet de : • Identifier les valeurs, les priorités et les leviers du management actuel ; • Développer une communication mobilisatrice et bienveillante ;• Intégrer la prévention, la qualité de vie au travail et la coopération dans le management quotidien ;• Construire un plan d’évolution managériale aligné sur les enjeux de l’entreprise. Public concerné : Managers, encadrants, responsables RH, membres du CSE, chefs de projet. Durée :  2 jours. Formation favorisant la prise de recul sur la posture managériale et la consolidation du leadership collaboratif.</p>
