{"id":1067,"date":"2026-03-12T16:11:35","date_gmt":"2026-03-12T15:11:35","guid":{"rendered":"http:\/\/s386468537.onlinehome.fr\/?page_id=1067"},"modified":"2026-04-26T16:03:15","modified_gmt":"2026-04-26T14:03:15","slug":"accompagner-les-transformations-du-travail","status":"publish","type":"page","link":"https:\/\/gps-site.fr\/index.php\/accompagner-les-transformations-du-travail\/","title":{"rendered":"Accompagner les transformations du travail"},"content":{"rendered":"\t\t<div data-elementor-type=\"wp-page\" data-elementor-id=\"1067\" class=\"elementor elementor-1067\">\n\t\t\t\t<div class=\"elementor-element elementor-element-faf2909 e-flex e-con-boxed wpr-particle-no wpr-jarallax-no wpr-parallax-no wpr-sticky-section-no wpr-equal-height-no e-con e-parent\" data-id=\"faf2909\" data-element_type=\"container\" data-e-type=\"container\">\n\t\t\t\t\t<div class=\"e-con-inner\">\n\t\t\t\t<div class=\"elementor-element elementor-element-9bcc9d7 elementor-widget__width-inherit elementor-widget elementor-widget-text-editor\" data-id=\"9bcc9d7\" data-element_type=\"widget\" data-e-type=\"widget\" data-widget_type=\"text-editor.default\">\n\t\t\t\t\t\t\t\t\t<div style=\"height: 100px;\" aria-hidden=\"true\">\u00a0<span style=\"color: #1e293b; font-size: 1.875rem; font-style: inherit; font-weight: 600; background-color: transparent;\">Formation : Accompagner les transformations du travail<\/span><br \/><span style=\"color: #334155; font-size: 1.1em; font-style: italic; font-weight: inherit; background-color: transparent;\">\u00a0<\/span><em style=\"color: #334155; font-weight: inherit; background-color: transparent; font-size: 17.6px; text-align: start;\">Comprendre et accompagner les transformations organisationnelles, technologiques, manag\u00e9riales,<\/em><br \/><em style=\"color: #334155; font-weight: inherit; background-color: transparent; font-size: 17.6px; text-align: start;\">\u00a0en int\u00e9grant la dimension humaine et la pr\u00e9vention des risques professionnels.<\/em><\/div><p><!-- \/wp:heading --><\/p>\t\t\t\t\t\t\t\t<\/div>\n\t\t\t\t\t<\/div>\n\t\t\t\t<\/div>\n\t\t<div class=\"elementor-element elementor-element-969cbf9 e-flex e-con-boxed wpr-particle-no wpr-jarallax-no wpr-parallax-no wpr-sticky-section-no wpr-equal-height-no e-con e-parent\" data-id=\"969cbf9\" data-element_type=\"container\" data-e-type=\"container\">\n\t\t\t\t\t<div class=\"e-con-inner\">\n\t\t<div class=\"elementor-element elementor-element-6a4e3fd e-con-full e-flex wpr-particle-no wpr-jarallax-no wpr-parallax-no wpr-sticky-section-no wpr-equal-height-no e-con e-child\" data-id=\"6a4e3fd\" data-element_type=\"container\" data-e-type=\"container\">\n\t\t\t\t<div class=\"elementor-element elementor-element-1bdda83 elementor-align-center elementor-widget elementor-widget-button\" data-id=\"1bdda83\" data-element_type=\"widget\" data-e-type=\"widget\" data-widget_type=\"button.default\">\n\t\t\t\t\t\t\t\t\t\t<a class=\"elementor-button elementor-button-link elementor-size-sm\" href=\"http:\/\/s386468537.onlinehome.fr\/wp-content\/uploads\/2026\/04\/Accompagner-les-transformations.pdf\" target=\"_blank\">\n\t\t\t\t\t\t<span class=\"elementor-button-content-wrapper\">\n\t\t\t\t\t\t\t\t\t<span class=\"elementor-button-text\">T\u00e9l\u00e9charger le programme complet<\/span>\n\t\t\t\t\t<\/span>\n\t\t\t\t\t<\/a>\n\t\t\t\t\t\t\t\t<\/div>\n\t\t\t\t<\/div>\n\t\t<div class=\"elementor-element elementor-element-435989b e-con-full e-flex wpr-particle-no wpr-jarallax-no wpr-parallax-no wpr-sticky-section-no wpr-equal-height-no e-con e-child\" data-id=\"435989b\" data-element_type=\"container\" data-e-type=\"container\">\n\t\t\t\t<div class=\"elementor-element elementor-element-c726236 elementor-align-center elementor-widget elementor-widget-button\" data-id=\"c726236\" data-element_type=\"widget\" data-e-type=\"widget\" data-widget_type=\"button.default\">\n\t\t\t\t\t\t\t\t\t\t<a class=\"elementor-button elementor-button-link elementor-size-sm\" href=\"http:\/\/s386468537.onlinehome.fr\/index.php\/demander-un-devis\/\" target=\"_blank\">\n\t\t\t\t\t\t<span class=\"elementor-button-content-wrapper\">\n\t\t\t\t\t\t\t\t\t<span class=\"elementor-button-text\">Demander un devis<\/span>\n\t\t\t\t\t<\/span>\n\t\t\t\t\t<\/a>\n\t\t\t\t\t\t\t\t<\/div>\n\t\t\t\t<\/div>\n\t\t\t\t\t<\/div>\n\t\t\t\t<\/div>\n\t\t<div class=\"elementor-element elementor-element-6fed0c7 e-flex e-con-boxed wpr-particle-no wpr-jarallax-no wpr-parallax-no wpr-sticky-section-no wpr-equal-height-no e-con e-parent\" data-id=\"6fed0c7\" data-element_type=\"container\" data-e-type=\"container\">\n\t\t\t\t\t<div class=\"e-con-inner\">\n\t\t\t\t<div class=\"elementor-element elementor-element-667265c elementor-widget elementor-widget-text-editor\" data-id=\"667265c\" data-element_type=\"widget\" data-e-type=\"widget\" data-widget_type=\"text-editor.default\">\n\t\t\t\t\t\t\t\t\t<p>Formation inter ou intra-entreprises \u2013 Approche participative et op\u00e9rationnelle<\/p>\t\t\t\t\t\t\t\t<\/div>\n\t\t\t\t\t<\/div>\n\t\t\t\t<\/div>\n\t\t<div class=\"elementor-element elementor-element-5d4d63d e-con-full e-flex wpr-particle-no wpr-jarallax-no wpr-parallax-no wpr-sticky-section-no wpr-equal-height-no e-con e-parent\" data-id=\"5d4d63d\" data-element_type=\"container\" data-e-type=\"container\">\n\t\t\t\t<div class=\"elementor-element elementor-element-04128d5 elementor-widget elementor-widget-heading\" data-id=\"04128d5\" data-element_type=\"widget\" data-e-type=\"widget\" data-widget_type=\"heading.default\">\n\t\t\t\t\t<h3 class=\"elementor-heading-title elementor-size-default\">Objectifs de la formation<\/h3>\t\t\t\t<\/div>\n\t\t\t\t<div class=\"elementor-element elementor-element-e894fd6 elementor-widget elementor-widget-text-editor\" data-id=\"e894fd6\" data-element_type=\"widget\" data-e-type=\"widget\" data-widget_type=\"text-editor.default\">\n\t\t\t\t\t\t\t\t\t<p>\u00c0 l\u2019issue de la formation, les participants seront capables de :<\/p><p>\u2022 Identifier les impacts des transformations sur l\u2019activit\u00e9 et les collectifs de travail ;<br \/>\u2022 Anticiper les risques organisationnels et humains associ\u00e9s ;<br \/>\u2022 Mobiliser les acteurs internes pour favoriser la r\u00e9ussite des changements ;<\/p><p>\u2022 Adopter une posture d\u2019\u00e9coute, de r\u00e9gulation et de communication constructive.<\/p>\t\t\t\t\t\t\t\t<\/div>\n\t\t\t\t<\/div>\n\t\t<div class=\"elementor-element elementor-element-f560c81 e-flex e-con-boxed wpr-particle-no wpr-jarallax-no wpr-parallax-no wpr-sticky-section-no wpr-equal-height-no e-con e-parent\" data-id=\"f560c81\" data-element_type=\"container\" data-e-type=\"container\">\n\t\t\t\t\t<div class=\"e-con-inner\">\n\t\t\t\t<div class=\"elementor-element elementor-element-7ed120e elementor-widget elementor-widget-text-editor\" data-id=\"7ed120e\" data-element_type=\"widget\" data-e-type=\"widget\" data-widget_type=\"text-editor.default\">\n\t\t\t\t\t\t\t\t\t<p><strong>Public concern\u00e9<\/strong> : Managers, encadrants, responsables RH, membres du CSE, chefs de projet.<\/p><p><strong>Dur\u00e9e<\/strong> : \u00a02 jours.<\/p>\t\t\t\t\t\t\t\t<\/div>\n\t\t\t\t\t<\/div>\n\t\t\t\t<\/div>\n\t\t<div class=\"elementor-element elementor-element-fd936b2 e-flex e-con-boxed wpr-particle-no wpr-jarallax-no wpr-parallax-no wpr-sticky-section-no wpr-equal-height-no e-con e-parent\" data-id=\"fd936b2\" data-element_type=\"container\" data-e-type=\"container\">\n\t\t\t\t\t<div class=\"e-con-inner\">\n\t\t\t\t<div class=\"elementor-element elementor-element-aed8d5e elementor-position-inline-start elementor-view-default elementor-mobile-position-block-start elementor-widget elementor-widget-icon-box\" data-id=\"aed8d5e\" data-element_type=\"widget\" data-e-type=\"widget\" data-widget_type=\"icon-box.default\">\n\t\t\t\t\t\t\t<div class=\"elementor-icon-box-wrapper\">\n\n\t\t\t\t\t\t<div class=\"elementor-icon-box-icon\">\n\t\t\t\t<span  class=\"elementor-icon\">\n\t\t\t\t<svg aria-hidden=\"true\" class=\"e-font-icon-svg e-fas-info-circle\" viewBox=\"0 0 512 512\" xmlns=\"http:\/\/www.w3.org\/2000\/svg\"><path d=\"M256 8C119.043 8 8 119.083 8 256c0 136.997 111.043 248 248 248s248-111.003 248-248C504 119.083 392.957 8 256 8zm0 110c23.196 0 42 18.804 42 42s-18.804 42-42 42-42-18.804-42-42 18.804-42 42-42zm56 254c0 6.627-5.373 12-12 12h-88c-6.627 0-12-5.373-12-12v-24c0-6.627 5.373-12 12-12h12v-64h-12c-6.627 0-12-5.373-12-12v-24c0-6.627 5.373-12 12-12h64c6.627 0 12 5.373 12 12v100h12c6.627 0 12 5.373 12 12v24z\"><\/path><\/svg>\t\t\t\t<\/span>\n\t\t\t<\/div>\n\t\t\t\n\t\t\t\t\t\t<div class=\"elementor-icon-box-content\">\n\n\t\t\t\t\n\t\t\t\t\t\t\t\t\t<p class=\"elementor-icon-box-description\">\n\t\t\t\t\t\tFormation-action ax\u00e9e sur la compr\u00e9hension des dynamiques de changement et la co-construction de solutions adapt\u00e9es au terrain.\t\t\t\t\t<\/p>\n\t\t\t\t\n\t\t\t<\/div>\n\t\t\t\n\t\t<\/div>\n\t\t\t\t\t\t<\/div>\n\t\t\t\t\t<\/div>\n\t\t\t\t<\/div>\n\t\t\t\t<\/div>\n\t\t","protected":false},"excerpt":{"rendered":"<p>\u00a0Formation : Accompagner les transformations du travail\u00a0Comprendre et accompagner les transformations organisationnelles, technologiques, manag\u00e9riales,\u00a0en int\u00e9grant la dimension humaine et la pr\u00e9vention des risques professionnels. T\u00e9l\u00e9charger le programme complet Demander un devis Formation inter ou intra-entreprises \u2013 Approche participative et op\u00e9rationnelle Objectifs de la formation \u00c0 l\u2019issue de la formation, les participants seront capables de : \u2022 Identifier les impacts des transformations sur l\u2019activit\u00e9 et les collectifs de travail ;\u2022 Anticiper les risques organisationnels et humains associ\u00e9s ;\u2022 Mobiliser les acteurs internes pour favoriser la r\u00e9ussite des changements ; \u2022 Adopter une posture d\u2019\u00e9coute, de r\u00e9gulation et de communication constructive. Public concern\u00e9 : Managers, encadrants, responsables RH, membres du CSE, chefs de projet. Dur\u00e9e : \u00a02 jours. Formation-action ax\u00e9e sur la compr\u00e9hension des dynamiques de changement et la co-construction de solutions adapt\u00e9es au terrain.<\/p>\n","protected":false},"author":1,"featured_media":0,"parent":0,"menu_order":0,"comment_status":"closed","ping_status":"closed","template":"","meta":{"site-sidebar-layout":"no-sidebar","site-content-layout":"","ast-site-content-layout":"full-width-container","site-content-style":"default","site-sidebar-style":"default","ast-global-header-display":"","ast-banner-title-visibility":"","ast-main-header-display":"","ast-hfb-above-header-display":"","ast-hfb-below-header-display":"","ast-hfb-mobile-header-display":"","site-post-title":"disabled","ast-breadcrumbs-content":"","ast-featured-img":"disabled","footer-sml-layout":"","ast-disable-related-posts":"","theme-transparent-header-meta":"","adv-header-id-meta":"","stick-header-meta":"","header-above-stick-meta":"","header-main-stick-meta":"","header-below-stick-meta":"","astra-migrate-meta-layouts":"default","ast-page-background-enabled":"default","ast-page-background-meta":{"desktop":{"background-color":"var(--ast-global-color-5)","background-image":"","background-repeat":"repeat","background-position":"center center","background-size":"auto","background-attachment":"scroll","background-type":"","background-media":"","overlay-type":"","overlay-color":"","overlay-opacity":"","overlay-gradient":""},"tablet":{"background-color":"","background-image":"","background-repeat":"repeat","background-position":"center center","background-size":"auto","background-attachment":"scroll","background-type":"","background-media":"","overlay-type":"","overlay-color":"","overlay-opacity":"","overlay-gradient":""},"mobile":{"background-color":"","background-image":"","background-repeat":"repeat","background-position":"center center","background-size":"auto","background-attachment":"scroll","background-type":"","background-media":"","overlay-type":"","overlay-color":"","overlay-opacity":"","overlay-gradient":""}},"ast-content-background-meta":{"desktop":{"background-color":"var(--ast-global-color-4)","background-image":"","background-repeat":"repeat","background-position":"center center","background-size":"auto","background-attachment":"scroll","background-type":"","background-media":"","overlay-type":"","overlay-color":"","overlay-opacity":"","overlay-gradient":""},"tablet":{"background-color":"var(--ast-global-color-4)","background-image":"","background-repeat":"repeat","background-position":"center center","background-size":"auto","background-attachment":"scroll","background-type":"","background-media":"","overlay-type":"","overlay-color":"","overlay-opacity":"","overlay-gradient":""},"mobile":{"background-color":"var(--ast-global-color-4)","background-image":"","background-repeat":"repeat","background-position":"center center","background-size":"auto","background-attachment":"scroll","background-type":"","background-media":"","overlay-type":"","overlay-color":"","overlay-opacity":"","overlay-gradient":""}},"footnotes":""},"class_list":["post-1067","page","type-page","status-publish","hentry"],"_links":{"self":[{"href":"https:\/\/gps-site.fr\/index.php\/wp-json\/wp\/v2\/pages\/1067","targetHints":{"allow":["GET"]}}],"collection":[{"href":"https:\/\/gps-site.fr\/index.php\/wp-json\/wp\/v2\/pages"}],"about":[{"href":"https:\/\/gps-site.fr\/index.php\/wp-json\/wp\/v2\/types\/page"}],"author":[{"embeddable":true,"href":"https:\/\/gps-site.fr\/index.php\/wp-json\/wp\/v2\/users\/1"}],"replies":[{"embeddable":true,"href":"https:\/\/gps-site.fr\/index.php\/wp-json\/wp\/v2\/comments?post=1067"}],"version-history":[{"count":55,"href":"https:\/\/gps-site.fr\/index.php\/wp-json\/wp\/v2\/pages\/1067\/revisions"}],"predecessor-version":[{"id":3008,"href":"https:\/\/gps-site.fr\/index.php\/wp-json\/wp\/v2\/pages\/1067\/revisions\/3008"}],"wp:attachment":[{"href":"https:\/\/gps-site.fr\/index.php\/wp-json\/wp\/v2\/media?parent=1067"}],"curies":[{"name":"wp","href":"https:\/\/api.w.org\/{rel}","templated":true}]}}

<div data-elementor-type="wp-page" data-elementor-id="1067" class="elementor elementor-1067">
				<div class="elementor-element elementor-element-faf2909 e-flex e-con-boxed wpr-particle-no wpr-jarallax-no wpr-parallax-no wpr-sticky-section-no wpr-equal-height-no e-con e-parent" data-id="faf2909" data-element_type="container" data-e-type="container">
					<div class="e-con-inner">
				<div class="elementor-element elementor-element-9bcc9d7 elementor-widget__width-inherit elementor-widget elementor-widget-text-editor" data-id="9bcc9d7" data-element_type="widget" data-e-type="widget" data-widget_type="text-editor.default">
									<div style="height: 100px;" aria-hidden="true"> <span style="color: #1e293b; font-size: 1.875rem; font-style: inherit; font-weight: 600; background-color: transparent;">Formation : Accompagner les transformations du travail</span><br /><span style="color: #334155; font-size: 1.1em; font-style: italic; font-weight: inherit; background-color: transparent;"> </span><em style="color: #334155; font-weight: inherit; background-color: transparent; font-size: 17.6px; text-align: start;">Comprendre et accompagner les transformations organisationnelles, technologiques, managériales,</em><br /><em style="color: #334155; font-weight: inherit; background-color: transparent; font-size: 17.6px; text-align: start;"> en intégrant la dimension humaine et la prévention des risques professionnels.</em></div><p><!-- /wp:heading --></p>								</div>
					</div>
				</div>
		<div class="elementor-element elementor-element-969cbf9 e-flex e-con-boxed wpr-particle-no wpr-jarallax-no wpr-parallax-no wpr-sticky-section-no wpr-equal-height-no e-con e-parent" data-id="969cbf9" data-element_type="container" data-e-type="container">
					<div class="e-con-inner">
		<div class="elementor-element elementor-element-6a4e3fd e-con-full e-flex wpr-particle-no wpr-jarallax-no wpr-parallax-no wpr-sticky-section-no wpr-equal-height-no e-con e-child" data-id="6a4e3fd" data-element_type="container" data-e-type="container">
				<div class="elementor-element elementor-element-1bdda83 elementor-align-center elementor-widget elementor-widget-button" data-id="1bdda83" data-element_type="widget" data-e-type="widget" data-widget_type="button.default">
										<a class="elementor-button elementor-button-link elementor-size-sm" href="http://s386468537.onlinehome.fr/wp-content/uploads/2026/04/Accompagner-les-transformations.pdf" target="_blank">
						<span class="elementor-button-content-wrapper">
									<span class="elementor-button-text">Télécharger le programme complet</span>
					</span>
					</a>
								</div>
				</div>
		<div class="elementor-element elementor-element-435989b e-con-full e-flex wpr-particle-no wpr-jarallax-no wpr-parallax-no wpr-sticky-section-no wpr-equal-height-no e-con e-child" data-id="435989b" data-element_type="container" data-e-type="container">
				<div class="elementor-element elementor-element-c726236 elementor-align-center elementor-widget elementor-widget-button" data-id="c726236" data-element_type="widget" data-e-type="widget" data-widget_type="button.default">
										<a class="elementor-button elementor-button-link elementor-size-sm" href="http://s386468537.onlinehome.fr/index.php/demander-un-devis/" target="_blank">
						<span class="elementor-button-content-wrapper">
									<span class="elementor-button-text">Demander un devis</span>
					</span>
					</a>
								</div>
				</div>
					</div>
				</div>
		<div class="elementor-element elementor-element-6fed0c7 e-flex e-con-boxed wpr-particle-no wpr-jarallax-no wpr-parallax-no wpr-sticky-section-no wpr-equal-height-no e-con e-parent" data-id="6fed0c7" data-element_type="container" data-e-type="container">
					<div class="e-con-inner">
				<div class="elementor-element elementor-element-667265c elementor-widget elementor-widget-text-editor" data-id="667265c" data-element_type="widget" data-e-type="widget" data-widget_type="text-editor.default">
									<p>Formation inter ou intra-entreprises – Approche participative et opérationnelle</p>								</div>
					</div>
				</div>
		<div class="elementor-element elementor-element-5d4d63d e-con-full e-flex wpr-particle-no wpr-jarallax-no wpr-parallax-no wpr-sticky-section-no wpr-equal-height-no e-con e-parent" data-id="5d4d63d" data-element_type="container" data-e-type="container">
				<div class="elementor-element elementor-element-04128d5 elementor-widget elementor-widget-heading" data-id="04128d5" data-element_type="widget" data-e-type="widget" data-widget_type="heading.default">
					<h3 class="elementor-heading-title elementor-size-default">Objectifs de la formation</h3>				</div>
				<div class="elementor-element elementor-element-e894fd6 elementor-widget elementor-widget-text-editor" data-id="e894fd6" data-element_type="widget" data-e-type="widget" data-widget_type="text-editor.default">
									<p>À l’issue de la formation, les participants seront capables de :</p><p>• Identifier les impacts des transformations sur l’activité et les collectifs de travail ;<br />• Anticiper les risques organisationnels et humains associés ;<br />• Mobiliser les acteurs internes pour favoriser la réussite des changements ;</p><p>• Adopter une posture d’écoute, de régulation et de communication constructive.</p>								</div>
				</div>
		<div class="elementor-element elementor-element-f560c81 e-flex e-con-boxed wpr-particle-no wpr-jarallax-no wpr-parallax-no wpr-sticky-section-no wpr-equal-height-no e-con e-parent" data-id="f560c81" data-element_type="container" data-e-type="container">
					<div class="e-con-inner">
				<div class="elementor-element elementor-element-7ed120e elementor-widget elementor-widget-text-editor" data-id="7ed120e" data-element_type="widget" data-e-type="widget" data-widget_type="text-editor.default">
									<p><strong>Public concerné</strong> : Managers, encadrants, responsables RH, membres du CSE, chefs de projet.</p><p><strong>Durée</strong> :  2 jours.</p>								</div>
					</div>
				</div>
		<div class="elementor-element elementor-element-fd936b2 e-flex e-con-boxed wpr-particle-no wpr-jarallax-no wpr-parallax-no wpr-sticky-section-no wpr-equal-height-no e-con e-parent" data-id="fd936b2" data-element_type="container" data-e-type="container">
					<div class="e-con-inner">
				<div class="elementor-element elementor-element-aed8d5e elementor-position-inline-start elementor-view-default elementor-mobile-position-block-start elementor-widget elementor-widget-icon-box" data-id="aed8d5e" data-element_type="widget" data-e-type="widget" data-widget_type="icon-box.default">
							<div class="elementor-icon-box-wrapper">

						<div class="elementor-icon-box-icon">
				<span  class="elementor-icon">
				<svg aria-hidden="true" class="e-font-icon-svg e-fas-info-circle" viewBox="0 0 512 512" xmlns="http://www.w3.org/2000/svg"><path d="M256 8C119.043 8 8 119.083 8 256c0 136.997 111.043 248 248 248s248-111.003 248-248C504 119.083 392.957 8 256 8zm0 110c23.196 0 42 18.804 42 42s-18.804 42-42 42-42-18.804-42-42 18.804-42 42-42zm56 254c0 6.627-5.373 12-12 12h-88c-6.627 0-12-5.373-12-12v-24c0-6.627 5.373-12 12-12h12v-64h-12c-6.627 0-12-5.373-12-12v-24c0-6.627 5.373-12 12-12h64c6.627 0 12 5.373 12 12v100h12c6.627 0 12 5.373 12 12v24z"></path></svg>				</span>
			</div>
			
						<div class="elementor-icon-box-content">

				
									<p class="elementor-icon-box-description">
						Formation-action axée sur la compréhension des dynamiques de changement et la co-construction de solutions adaptées au terrain.					</p>
				
			</div>
			
		</div>
						</div>
					</div>
				</div>
				</div>

<p> Formation : Accompagner les transformations du travail Comprendre et accompagner les transformations organisationnelles, technologiques, managériales, en intégrant la dimension humaine et la prévention des risques professionnels. Télécharger le programme complet Demander un devis Formation inter ou intra-entreprises – Approche participative et opérationnelle Objectifs de la formation À l’issue de la formation, les participants seront capables de : • Identifier les impacts des transformations sur l’activité et les collectifs de travail ;• Anticiper les risques organisationnels et humains associés ;• Mobiliser les acteurs internes pour favoriser la réussite des changements ; • Adopter une posture d’écoute, de régulation et de communication constructive. Public concerné : Managers, encadrants, responsables RH, membres du CSE, chefs de projet. Durée :  2 jours. Formation-action axée sur la compréhension des dynamiques de changement et la co-construction de solutions adaptées au terrain.</p>
